git of u(14)?
2
Let o = 6310 + -3032. What is the thousands digit of o?
3
Suppose -263*j + 259*j + 1776 = 0. What is the units digit of j?
4
Let o = -14 + 12. Let t be (-4)/o - (-1 - -3). What is the tens digit of (t - (-48)/15)*5?
1
Let a = -2 + 2. Suppose 4*i = 8, -x + a*i = -i. Suppose 3*p = 2*y + 34, -5*p - x*y = -4*y - 54. What is the units digit of p?
0
Suppose -4*q + 2*m = -194, -37 = -5*q + 2*m + 205. Suppose f - q = 5*i, -2*f + 68 + 52 = -2*i. What is the tens digit of f?
6
Let u(m) = -814*m - 103. What is the units digit of u(-3)?
9
What is the tens digit of (-515)/(-7) - ((-93)/21 - -4)?
7
Let n be (-240)/9*9/6. What is the units digit of 7/(1*(-5)/n)?
6
Let l(p) = -2*p**2 + 7*p - 30. Let r be l(6). Let z = r - -73. What is the tens digit of z?
1
Let v be (1 - 1)/(21/7). Suppose -3*g - 2*g + 40 = 5*y, v = 3*g + 6. What is the tens digit of y?
1
Suppose 4*a + 5*r - 56 = 501, 0 = -3*a + 2*r + 412. Suppose s = -4*s - 10, 4*v - 5*s - a = 0. What is the tens digit of v?
3
Suppose 2*t = -5*a + 12, -a - 2*t + 3 + 1 = 0. Let p be a/1*(-11)/(-1). Suppose -3*s - 1 + 0 = -2*w, -p = s - 5*w. What is the units digit of s?
3
What is the hundreds digit of -1074*(1/(-4))/((-90)/(-120))?
3
Let u = 3556 + -1214. What is the hundreds digit of u?
3
Suppose -5*l = 2*s + 1264, -2*s - 5*l = -3*s - 632. What is the tens digit of ((-9)/6)/(12/s)?
7
Let h(t) = t**2 - 10*t - 11. Let s be (-22)/(-6)*(-6)/(-2). Let n be h(s). Suppose 3*q - 6 = -b, 0 = -5*q - n*b + 3*b - 4. What is the units digit of q?
1
Let t(w) = -w**2 + 11. Let d be t(0). Suppose -d*i + 245 = -6*i. What is the tens digit of i?
4
Let f(n) = 79*n**2 + 10*n + 2. What is the hundreds digit of f(-4)?
2
Suppose 321*m - 320*m = 384. What is the tens digit of m?
8
Let a = 1 - 3. Let i = a - -2. Suppose j - 16 - 9 = i. What is the units digit of j?
5
Let c be -2 + 3 - 1 - 0. Let w be c + -1 + -2 + -52. What is the tens digit of (-3377)/w + (-4)/10?
6
Suppose 0 = -r + 5*d + 233, -5*r - 5*d = -r - 907. What is the hundreds digit of r?
2
Let m be -9*((-15)/(-5) - 2). Let b be (-2 - 1)/m*-9. What is the units digit of (0 - (b + 0)) + -1?
2
Suppose 5*s = -10, 0 = -4*x + s + s + 140. Let b(l) = 19*l**2 - l**3 - 31 + x + 19 - 17*l. What is the units digit of b(18)?
0
Let d(h) = h**3 + 8*h**2 + 11*h + 9. Let l be d(-6). Suppose -c + 4 = -l. What is the tens digit of c?
1
Let s(k) = -469*k - 39. What is the thousands digit of s(-4)?
1
Let f(o) = -15*o - 134. What is the units digit of f(-22)?
6
What is the tens digit of (198549/(-78))/((-3)/4)?
9
Let s = 37 + -25. What is the hundreds digit of (3*11)/(s/80)?
2
Let q(f) = -63*f + 26. What is the hundreds digit of q(-15)?
9
Let p(s) = s**3 + 3*s**2 - 1. Let t be p(-3). Suppose 22 = -7*m + 8. What is the tens digit of 102/4 - t/m?
2
Let x = 1628 - 798. Let q be 8/6 - x/15. Let l = 89 + q. What is the tens digit of l?
3
Suppose -59300 = -34*d - 16*d. What is the tens digit of d?
8
Let v(o) be the first derivative of o**4/4 + 3*o**3 - 3*o**2 - 8*o - 1. Let z be v(-9). Let k = z - 14. What is the units digit of k?
2
Let g(y) = y**3 + 11*y**2 - 46*y + 11. What is the tens digit of g(-14)?
6
Suppose 5*n - 30 = -5*t + 2*t, -2*n + 11 = t. Suppose -t*j - 2064 = -j. What is the tens digit of j/(-16) + 1/(-4)?
3
Let d = 480 - -114. What is the units digit of d?
4
Let t be ((-12)/5)/(2/(-10)). Let q = 15 - t. Suppose -2*a - 10 = -3*a - 2*l, -a - q*l + 10 = 0. What is the units digit of a?
0
Let l be (2 - -10)*(-1)/(-2). Let c(u) be the second derivative of u**4/12 - u**3/3 + 9*u**2/2 - 80*u. What is the tens digit of c(l)?
3
Suppose -6*r - r + 21 = 0. Suppose -r*h + 4*h - 14 = 0. Let v = h + -11. What is the units digit of v?
3
Let j(a) = 3*a - 7. Let l be j(3). Let i(o) = 63*o**l - 32*o**2 - 28*o**2 - 4. What is the tens digit of i(4)?
4
Let a = -10 - -12. Suppose -a*j - 41 = -d, 0*d + 4*d - 3*j - 169 = 0. What is the units digit of d?
3
Let r(g) = g + 2. Let y be r(2). Suppose 23 = -3*k + h, -2*h + 0*h + 32 = -y*k. What is the tens digit of 17/(-2)*28/k?
3
Suppose -2*x + 255 = -7*x. Let p = x + 128. What is the tens digit of p?
7
Let p(q) = q**3 - 11*q**2 + 8*q + 14. Let i be p(10). Let r be (0 - (-3)/(-9))*i. Suppose 0*d = -r*d + 16. What is the units digit of d?
8
Suppose 0 = -w - 2*w. Suppose -2*i - i + 84 = w. Suppose -i = -4*x + t, 0*x + 8 = 2*x + t. What is the units digit of x?
6
Suppose -r - r = 2*s - 106, 12 = 3*s. Suppose -q = m - r, q - 84 = -q + 5*m. Let u = q - 17. What is the units digit of u?
0
Let i(b) = -b + 20. Let a be i(14). Suppose 0 = -f + a + 6. What is the tens digit of f?
1
Let y(b) = 2*b**2 - 45*b + 70. What is the tens digit of y(39)?
5
Suppose 0 = -2*p + 2*g - 4*g + 8, -g = -1. What is the units digit of (-5 + 9 - p)/((-2)/(-288))?
4
Let d be (-1)/(((-21)/(-54))/(-7)). Let f = d + 140. What is the units digit of f/8 + (-9)/(-36)?
0
Suppose -s + 2*k + k + 1820 = 0, -3*s + 5466 = -3*k. What is the hundreds digit of s?
8
Suppose -4*v = 2*t - 0*t - 6, 0 = -2*v + 4*t + 18. Let x(p) = -2*p**2 + 0*p**2 - v + 3*p + 7*p**2. What is the units digit of x(-3)?
3
Let g(f) = -f**3 - 2*f**2 - 3*f - 2. Let x be g(-1). Suppose x = 4*z - 7*z + 507. What is the hundreds digit of z?
1
Suppose -20*q + 3276 = -14*q. What is the hundreds digit of q?
5
Suppose -5*z + 158 = -107. Let f be 2/(1/(z/(-2))). Let a = -34 - f. What is the tens digit of a?
1
Let y = -34 + 23. What is the units digit of (-409)/y - 20/110?
7
Let j(d) = d**2 - 7*d + 4. Let a be j(7). Suppose u = a*u - 114. What is the tens digit of u?
3
Let f = -26 - -28. Suppose -i + f*i + 86 = 3*s, -2*i + 8 = 0. What is the tens digit of s?
3
Suppose -354277 = -54*p - 109549. What is the hundreds digit of p?
5
Suppose -5*x + 36 = -x + 3*h, -5*x + h = -26. Suppose 100 = x*u - u. What is the units digit of u?
0
Let d be 4*10/(-70) + (-207)/(-7). Let j = 126 - 84. Let c = j - d. What is the units digit of c?
3
Let p = 1550 + -1080. What is the tens digit of p?
7
Suppose 6 = j + 3. Suppose -2*x + 0*x + 20 = j*u, -x - 2*u = -12. Suppose b - n - 53 = x*n, b = -n + 59. What is the units digit of b?
8
Suppose 3*z = -7*z + 30. What is the tens digit of 196*(z - -2*21/(-24))?
4
Suppose q - 65 - 54 = 3*s, -613 = -5*q - 3*s. Suppose -3*b - q = 31. Let r = 75 + b. What is the units digit of r?
4
Let h = 203 + -137. Let f = 51 - 24. Let c = h - f. What is the tens digit of c?
3
What is the hundreds digit of ((-210)/4)/5*(5 + -23)?
1
Let p(i) = -i**2 - 6*i + 5. Let m be p(-7). What is the tens digit of 1/(2/192) + m?
9
Suppose 5*f + 5127 = 8*f. What is the thousands digit of f?
1
Let z(f) = -2*f - 1. Let h be z(6). Let x = h - -15. Suppose 0 = -x*y - 3*g + 5, 6*y - 3*g - 1 = 2*y. What is the units digit of y?
1
Suppose 5*j - 402 = w + 2214, j + 4*w - 519 = 0. What is the hundreds digit of j?
5
Let l = 1677 + 377. What is the tens digit of l?
5
Suppose -10*l = -3*l + 2226. What is the units digit of (-3)/9 - l/9?
5
Let v = 16874 - 11805. What is the thousands digit of v?
5
Suppose 4*j = -n + 78 + 55, -5*n + 3*j + 619 = 0. Suppose n = t - m, -m + 3*m - 597 = -5*t. What is the units digit of t?
1
Suppose 0 = -4*h + 3*a + 9, 5*h - 7*a = -2*a + 10. Suppose -o = -v - 54, -v - 58 = -h*o + 98. What is the units digit of o?
1
Let h(j) = -j**2 - 9*j + 7. Let b(u) = 3*u**2 + 19*u - 14. Let s(w) = -2*b(w) - 5*h(w). Let i(x) = -3*x - 22. Let c be i(-9). What is the units digit of s(c)?
3
Suppose -3*m + g = -196, 0*m + 276 = 4*m - 5*g. Suppose 2 = -2*y, d = -2*y - y + m. What is the tens digit of d?
6
Suppose 0 = 5*c - 3*g + 5*g - 3895, -c = 4*g - 797. What is the tens digit of c?
7
Let d = -23 - -25. Suppose -n = 3*l - 447, 0 = 3*l - d*n - 3*n - 465. Suppose -t - l = -4*t. What is the units digit of t?
0
Let t = 6 + -3. Let j(m) = -4 + 0*m + m**2 - 3*m + 3*m**2. What is the units digit of j(t)?
3
Let h be -4 + ((-1)/(-3) - 2/6). What is the hundreds digit of (h/(-4) - 2)*-109?
1
Suppose -i = -30*i + 67599. What is the hundreds digit of i?
3
Let b(m) = -241 - 244 - 77*m + 446. What is the tens digit of b(-4)?
6
Suppose -4*c + 5*g + 2646 = -3853, -3*c + 5*g + 4878 = 0. What is the tens digit of c?
2
Let n be ((-8)/(-6))/((-4)/(-12)). Suppose 4*l + 4*f = 120, -l + n*f = -32 - 23. Let q = 78 - l. What is the units digit of q?
3
Let n =